of f?
13
List the prime factors of (-114)/(-4 + 1) - -4.
2, 3, 7
Suppose -h - 3 = -p - 12, -h + 5*p = -25. Let l = h - -26. What are the prime factors of l?
31
Let z(f) be the first derivative of f**4/4 + 2*f**3 - f**2/2 + f - 3. What are the prime factors of z(-6)?
7
Let z(v) = v**2 + 11*v + 9. Let a be z(-10). What are the prime factors of 3 + a + 2/2?
3
Let z(t) = 6*t - 5. Let b be -4*(4 + -3) + 1. Let j be (1 - 9)/(b + 1). What are the prime factors of z(j)?
19
Let b be (-8787)/9 + 2/6. Let k be b/(-24) + 4/(-6). Let x = k + -19. List the prime factors of x.
3, 7
Let g be 1/(-4) - 29/(-4). Let s = -5 + g. List the prime factors of (11/s - 2)*2.
7
List the prime factors of (-4 - -6) + 1 + 15.
2, 3
Let r = -32 + 52. What are the prime factors of r?
2, 5
Suppose -5*u = 5*w, w = -2*u - 2*u + 6. Let c = w - -9. List the prime factors of c.
7
Let b = -61 + 90. List the prime factors of b.
29
Let n = 221 + -104. List the prime factors of n.
3, 13
Let w = -58 + 265. What are the prime factors of w?
3, 23
Suppose -2*g = -g. Suppose -5*p + 16 = b - 2*b, -5*p + 3*b + 8 = 0. Let z = p + g. List the prime factors of z.
2
Suppose 4*a - 3 = -a + 4*s, -4*s = -3*a - 3. Suppose 2*z - 5*z = -3*g + 3, -a*g - 3*z = -9. What are the prime factors of g?
2
List the prime factors of 74/6*(2 + 1).
37
Let f = -5 - -10. Let b(x) = -x**2 + 6*x - 5. Let u be b(5). Suppose 12 = 3*w - h, -f*w - 4*h = -u - 3. What are the prime factors of w?
3
Suppose -10 = -2*i, -4*w - 4*i + 83 = -i. List the prime factors of w.
17
Suppose 4*z = 13 + 163. List the prime factors of z.
2, 11
Let q = -8 + 11. Suppose 0 = 5*x + 2*k - 75, q*x - 4*x + 28 = 3*k. What are the prime factors of x?
13
Let a = -12 - -46. List the prime factors of a.
2, 17
Let i = 3 - 0. Suppose -c - i*f = -16 - 8, 3*f = c. What are the prime factors of c?
2, 3
Let i(b) be the second derivative of b**5/20 + b**4/2 - b**3 + 3*b**2 + b. List the prime factors of i(-5).
61
Suppose -19 - 9 = -v + k, 4*k = -5*v + 113. Suppose v = -2*c + 7*c. List the prime factors of c.
5
Let i = -6 - -6. Suppose i = -2*x + 81 - 11. What are the prime factors of x?
5, 7
What are the prime factors of 35 - 0 - (5 - 7)?
37
Let b(t) = 8*t**3 + 6*t**2 - t + 5. Let o(c) = -6*c. Let n be o(1). Let i(a) = a**3 + a**2 + 1. Let z(f) = n*i(f) + b(f). What are the prime factors of z(2)?
13
List the prime factors of (2 - 3)/((-2)/(34*17)).
17
Suppose 4*p + 5*u = -17, -3*p = -u + 3*u + 18. Let r be 1195/20 + (-2)/p. Suppose -6*l = -l - r. List the prime factors of l.
2, 3
Let s = 2 - 0. Suppose -s*x - 2 + 10 = 0. What are the prime factors of x?
2
Let f = 90 - -13. What are the prime factors of f?
103
Suppose 0 = 4*a + 5*v + 8, 4*a + 2 = 3*a + 2*v. Let j = 31 - a. What are the prime factors of j?
3, 11
Let a be 2/(-12) - (-1)/6. Suppose a = -0*b - b + 14. List the prime factors of 172/b + (-6)/21.
2, 3
Let l(h) = -9*h - 9. Let r be l(-6). Suppose -7*f = -2*f + r. List the prime factors of (-8)/6*f/6.
2
Suppose -380 - 956 = -8*u. List the prime factors of u.
167
What are the prime factors of (12/(-8))/((-27)/3708)?
2, 103
Suppose -5*d + 524 - 24 = 5*h, -3*d + h = -300. What are the prime factors of d?
2, 5
Let o = -14 - -73. What are the prime factors of o?
59
Suppose u + 3*u - 8 = 0. Suppose -3*i = 2*k - 36, -5*k + 14 + 76 = -u*i. List the prime factors of k.
2, 3
Let j = -4 + 6. Suppose 9 = -3*p + j*p. Let t = 22 + p. What are the prime factors of t?
13
Let k(h) = 9*h**2 - 1. Let g(n) = -n**3 - 2*n**2 - n - 1. Let p be 4/6*(-6)/2. Let l be g(p). What are the prime factors of k(l)?
2
Suppose -3*k + 3 + 3 = 0. What are the prime factors of 76/8 + 1/k?
2, 5
Let f = 17 + -14. Suppose s + 38 = f*s. What are the prime factors of s?
19
Let a be (-4)/(-2) - (-2 + 3). Suppose 0 = -2*g - a - 13. Let f = g - -10. List the prime factors of f.
3
Let l = 3 - 3. Suppose -3*p + 5 + 4 = 0. Suppose 2*v + p*v - 65 = l. List the prime factors of v.
13
Let s be 3/4*4*-2. What are the prime factors of 2/(-6) - 14/s?
2
Let d = 426 + -89. List the prime factors of d.
337
Suppose 4*z = -z + 20. Suppose m + m - 15 = -a, -z = -4*m. List the prime factors of a.
13
Let h = 222 - 146. Suppose k = 2*a + 32, -5*a - h = -3*k - 4*a. List the prime factors of k.
2, 3
Suppose -4*m = m - 180. Let k = -11 + m. Let c = k - 17. List the prime factors of c.
2
Suppose -4*n + 6 = 2*y - 0*n, -3*y + 33 = -2*n. List the prime factors of y.
3
Let y = -32 + 57. Suppose 3*n - y = 8*n, -v = 3*n - 85. Suppose -3*g = -4*q + g + v, 76 = 4*q + 2*g. What are the prime factors of q?
3, 7
Let d(s) = 5*s - 5. Suppose 0*y - 15 = -5*q + y, 0 = 3*y - 15. List the prime factors of d(q).
3, 5
Suppose -3*o + 16 = 2*g - 0*g, -2*g - 2*o + 18 = 0. List the prime factors of g.
11
What are the prime factors of 2/6 - (716/(-12) - 0)?
2, 3, 5
Suppose -3*l - 83 = -5*z, 0 = -4*z + l + 37 + 28. List the prime factors of z/(-4) - (-50 + -1).
47
Let j = -24 - -42. What are the prime factors of (j/(-8))/((-1)/4)?
3
Let j(c) = 3*c - 4. Let f be j(3). Suppose f*r + 12 = 2. What are the prime factors of (5 - 1)/r*-4?
2
Suppose -2*i = 0, 84 = 4*q - 3*i - 8. Suppose 2*o - 3*b = 2*b + q, -3*o = 5*b - 97. What are the prime factors of o?
2, 3
Let j(i) = -i**3 + 2*i**2 + 1. Let x be 1/(-6) + (-11)/6. List the prime factors of j(x).
17
Suppose 0*t = 3*t - 9. Suppose -t*r = 2*a - 90, 3*r = 4*r + 2*a - 26. List the prime factors of r.
2
Let z(a) = -a**3 + 5*a**2 + a - 3. Let h be 3/(-2)*(-40)/12. Let m be z(h). Suppose -2*c + m*l + 44 = 0, -16 + 4 = 3*l. What are the prime factors of c?
2, 3
Let d(z) be the second derivative of 5/12*z**4 - z**2 - 1/3*z**3 - 1/20*z**5 + 2*z + 0. List the prime factors of d(4).
2, 3
Let x(y) = -2*y + 5. Let t be x(11). Let p = 1 - t. What are the prime factors of p?
2, 3
Let o(l) = 4 + l - 6 + 1. Let d(y) = 4*y + 2. Let v(t) = -d(t) + 3*o(t). List the prime factors of v(-8).
3
Suppose 0*h = 3*h - 123. Suppose z = -5*c + 77, -2*z - h = -4*c + c. List the prime factors of c.
3, 5
Let u(a) = a**3 - 8*a**2 + 3*a - 6. Let y(l) = l**2. Let r be y(5). Let f be 1/(-3) + r/3. List the prime factors of u(f).
2, 3
Suppose -3*j = -191 + 29. What are the prime factors of j?
2, 3
Let j be 5/(-2)*(-2 + 0). Let m = 8 - j. Suppose -m = -2*b + 1. List the prime factors of b.
2
Let q(j) = 3*j**2 - 5*j - 3. Suppose 0 = 5*v + 5*m - 10, -7*m = -3*v - 3*m + 20. List the prime factors of q(v).
5
Suppose 2*z + 4*c - 22 = 0, 3*c = 2*z + 2 + 4. Suppose -1 = -4*y - 5, -5*y - 14 = -z*f. What are the prime factors of f?
3
Let t(q) = 2*q - 6. Let c be t(4). Suppose 28 = 4*w + c*r, 0 = -6*w + w + 2*r + 53. List the prime factors of w.
3
Let t be -2 - ((2 - 10) + 1). Let o be (1*-1)/((-2)/8). Suppose -4*z - l + 32 = 0, 0 = -t*z - l + o*l + 57. What are the prime factors of z?
3
Let r be 9 + (0 - 1) + -2. Suppose -a + 0*a + 2*p = -9, 0 = -2*a + p + r. What are the prime factors of -3 + 17 + 2 + a?
17
Suppose -4*a + 4*z + 15 = -3*a, -5*a - 5*z + 150 = 0. What are the prime factors of a?
3
Let c be (-24)/21*(-14)/4. Suppose -138 = -c*k + 2*z, -67 + 4 = -2*k - z. What are the prime factors of k?
3, 11
Let z(n) = 3*n**3 - 2. Let o(i) = -i**3 - i. Let m(y) = -2*o(y) - z(y). What are the prime factors of m(-2)?
2, 3
Let b = 20 - 18. Suppose -125 = b*m - 7*m. What are the prime factors of m?
5
Let t(l) = -l**3 + 5*l**2 - 2. Let q(y) = -y**2 + 8*y - 8. Let d be q(6). What are the prime factors of t(d)?
2, 7
Let a be (1 + (-3)/1)*1. Let v be (-7725)/21 - a/(-14). List the prime factors of (-2)/9 + v/(-36).
2, 5
Suppose m + 40 = -4*m. Suppose -h - j + 27 = 2*j, 2*h - 18 = 3*j. Let t = h + m. List the prime factors of t.
7
Suppose 5*d = -2*k - 105, 2*k - 2*d + 9 = -117. List the prime factors of 8/44 - k/33.
2
Let c(b) = b**2 + 6*b + 4. Suppose 0 = 2*g - 0*g - 4*t, 3*t = g - 3. List the prime factors of c(g).
2
Let y be 0/(4 + -3 + 1). Suppose -4*a - w + 15 = 0, 0 = a - y*w + w - 3. List the prime factors of a.
2
Let y(j) = -j + 2 + 1 - 1. Let m be y(-3). List the prime factors of (-2)/m + 216/15.
2, 7
Suppose -27 = 4*n - 3. What are the prime factors of (-2 + 5)*(-14)/n?
7
List the prime factors of (-6)/(-4) - (-783)/18.
3, 5
Suppose 3*u = -14 - 7. List the prime factors of (-4)/(u/3 - -2).
2, 3
What are the prime factors of ((-10)/(-4) + 0)*(4